common factor of t and 16?
16
Let t(o) = -o - 1. Let q be t(-3). Suppose -8 - 2 = -q*p. Suppose -p*x - 15 + 65 = 0. Calculate the greatest common divisor of 4 and x.
2
Let h(d) = 2*d**3 - 14*d**2 + d - 3. Let i be h(7). Calculate the highest common factor of i and 188.
4
Let n be 5*(24/(-15))/(-2). Calculate the highest common divisor of n and 10.
2
Let f be 4/6*(-45)/(-6). Let x(p) = -5 - 26*p**2 + 2*p + 2 + 6*p - 1 - 3*p**3. Let l be x(-9). What is the highest common factor of f and l?
5
Suppose -30 - 70 = -4*y. Let h be 15/y + (-14)/(-10). Let j(m) = -m**3 + m**2 + m + 5. Let i be j(0). Calculate the greatest common factor of i and h.
1
Suppose -2*q + 2*n + 195 = -27, 5*n + 441 = 4*q. Let z = q - 103. What is the greatest common factor of 1 and z?
1
Let f(y) = -12*y. Let w be f(-3). Suppose w = k - 2*n - 9, k = -n + 51. Let z = -55 + 62. What is the greatest common divisor of z and k?
7
Suppose -5*i = -3*f + 4, -5*i - f + 7 = -i. Let q be (1 + -9)/(i/(-1)). Let b be (-3)/((q/2)/(-92)). What is the greatest common factor of b and 23?
23
Let q(v) = 21*v + 28. Let u be q(0). Calculate the greatest common factor of 21 and u.
7
Suppose 5*j + 0*j = -230. Let u = j + 60. Calculate the greatest common factor of 1 and u.
1
Let k be (-1)/(-2) + 150/(-4). Let b = -25 - k. Let g = -188 - -248. Calculate the highest common factor of b and g.
12
Let l = 781 - 109. What is the highest common divisor of 24 and l?
24
Let w be 63/14 - 3/2. Suppose w*h - 25 = -2*q, 4*q + q = 2*h + 72. Calculate the greatest common divisor of 7 and q.
7
Let n = 7 + -4. Let i(a) = -3*a - 5. Let u be i(n). Let w = 19 + u. Calculate the greatest common factor of w and 55.
5
Let m = 201 - 189. Calculate the greatest common divisor of m and 132.
12
Let y be (1068 - (-3 - -4)/1) + 3. Suppose 3*q + 58 = -5*h + 1096, -5*q - y = -5*h. Calculate the greatest common factor of 30 and h.
30
Let z(n) = 32*n**3 - n. Let y be z(-1). Let s = -20 - y. Calculate the greatest common factor of s and 44.
11
Let h(p) = p**3 - 5*p**2 + 4*p - 4. Let v be h(4). Let u(j) = -3*j**3 - 5*j**2 - 7*j - 5. Let b be u(v). Calculate the highest common factor of b and 54.
27
Let u(d) = d**3 - 7*d**2 + 2*d + 3. Let p be u(7). Let y be (-1095)/10*2/(-3). Suppose -y = -5*l + 12. Calculate the greatest common factor of l and p.
17
Suppose -69 = -5*q + 3*l, 0*l = -3*q - 4*l + 53. Let z(f) = f**2 - 15*f + 14. Let k be z(q). Calculate the highest common divisor of 238 and k.
14
Suppose i + 11 = 2*p, -p - i + 3 = -7. Suppose -49 = -4*d + p. Suppose r + d = 2*r. Calculate the highest common divisor of 70 and r.
14
Let y(p) = -2*p + 26. Let i be y(12). Suppose 3*c + r = c + i, -4 = -r. Let x(k) = -196*k + 2. Let m be x(c). What is the greatest common divisor of m and 22?
22
Suppose -8*p = -4*p - 8. Suppose p*i + 0*i + 12 = 0. Let d be 2/i - 209/(-33). Calculate the greatest common divisor of 36 and d.
6
Let p = -1354 - -1473. Calculate the highest common divisor of p and 136.
17
Let y be (-14 - 0)*(-3 + (-20)/(-8)). Calculate the highest common factor of 189 and y.
7
Let s be -1 - 6 - 4/(-1). Let a(g) = 7*g**2 - 2*g - 4. Let r be a(s). Calculate the highest common factor of r and 26.
13
Let x = 22 + -8. Let h(u) = u**3 + 4*u**2 - 5*u + 2. Let a(s) = s + 1. Let w be a(-6). Let t be h(w). Calculate the highest common divisor of t and x.
2
Suppose -81 + 216 = 9*q. Suppose 5*x - c - 27 = 0, 5*x = 2*x + 2*c + 12. What is the greatest common factor of q and x?
3
Suppose -89 = -4*b + 7. Let d = 24 - b. Suppose d = -4*v - 11 + 51. What is the highest common divisor of 90 and v?
10
Let a(n) = 2*n**3 + 6*n**3 - 4*n**2 + 15 - 12*n**3 + 3*n**3. Let h be a(-6). What is the highest common factor of h and 58?
29
Let r(i) = 2*i**2 + 22*i + 8. Let h be r(-11). Calculate the greatest common divisor of h and 4.
4
Let h(v) = 8*v**2 + 2*v - 1. Let k be h(2). Let x = k - 24. Calculate the greatest common divisor of 88 and x.
11
Suppose y = 953 + 263. What is the greatest common factor of 38 and y?
38
Suppose 40*n = 49*n - 756. What is the highest common divisor of 56 and n?
28
Suppose 1837 + 17771 = 43*a. What is the greatest common divisor of a and 57?
57
Let o(m) = 2*m**3 - 41*m**2 + 20*m + 26. Let u = 98 + -78. Let d be o(u). What is the highest common divisor of 143 and d?
13
Suppose 0 = 5*a + 119 + 16. Let f be (-645)/a*3 - 1/(-3). Calculate the highest common factor of 24 and f.
24
Let n(b) = b**3 + 12*b**2 + 15. Let a be n(-12). Calculate the highest common factor of 160 and a.
5
Let r(v) be the second derivative of 53*v**3/6 - v**2/2 - 9*v. Let f be r(1). Calculate the highest common divisor of f and 52.
52
Let j(p) = -p**2 + 8*p + 7. Let z be j(6). Let a = 1417 + -1208. Calculate the greatest common factor of a and z.
19
Let p = -814 - -848. Let c be (204/(-10))/(3/(-10)). Calculate the greatest common divisor of p and c.
34
Let l be (12/(-10))/((-2)/(-10)). Let k(n) = 2*n**2 - 8*n. Let v be k(l). Calculate the highest common divisor of 12 and v.
12
Let r(k) = -k**3 + 9*k**2 + 2*k - 4. Let o(m) = 4*m**2 - 2. Let y be o(2). Let s = -5 + y. Let w be r(s). What is the greatest common factor of 28 and w?
14
Suppose 2*n = -j - n + 168, -5*j + n = -824. Let s = 86 + -71. What is the greatest common divisor of j and s?
15
Let c(h) = -h**3 + 34*h**2 - 62*h - 48. Let v be c(32). What is the highest common divisor of 592 and v?
16
Let z(o) = -o**3 - 6*o**2 - 4*o + 5. Suppose 3*y = -y - 20. Let f be z(y). Suppose f = 2*s - 72 - 24. Calculate the greatest common factor of 6 and s.
6
Let p = -21 + 15. Let i = -6 - p. Suppose i = 4*f + d - 3, -13 - 8 = -3*f + 3*d. What is the greatest common divisor of 5 and f?
1
Let v = -63 - -83. Suppose -l - 1 = -4*g + 1, 4*l = -g - 8. Suppose -3*r + r + 4 = g. What is the greatest common factor of r and v?
2
Let m(w) = 46*w + 78. Let d be m(-1). Calculate the highest common divisor of d and 12.
4
Suppose 2*n + 13 - 39 = 0. Calculate the greatest common divisor of 637 and n.
13
Let x be 290*2/4 - 4*-1. Let q = -85 + x. Calculate the greatest common divisor of 16 and q.
16
Let l be ((-12)/2 - -5) + 221. What is the highest common divisor of l and 100?
20
Let u be ((-1)/1)/((-5)/(-50)). Let q be 68 - 5/u*4. Calculate the greatest common divisor of q and 175.
35
Let z(u) be the second derivative of -u**3 - 5*u**2 + 5*u. Let t be z(-10). Let r = 110 - t. What is the greatest common factor of r and 24?
12
Suppose 2677 = -24*x + 14485. Calculate the highest common factor of x and 24.
12
Suppose 4*c = 5*t - 493, -5*t + 3*c = -2*c - 495. Calculate the highest common divisor of t and 388.
97
Let c = -13 + 14. Let t be 0 + 56 + 3/c. Let m = -41 + t. What is the highest common factor of m and 27?
9
Suppose 4*n - 4*v - 508 = 0, 4*n = 5*n - 5*v - 143. Let g be (817 - -3)/(-10)*-1. What is the greatest common divisor of g and n?
41
Suppose -120 = 51*v - 528. Let f(k) = 4*k**2 - k - 4. Suppose 20 = -7*h + 2*h. Let n be f(h). What is the highest common factor of v and n?
8
Suppose -5*j + 28 = -6*j. Let r be (0 + 6)*j/(-24). What is the highest common factor of r and 14?
7
Suppose 0 = -14*h + 2*h - 24. Let b be 1565/35 - h/7. Let k(x) = -x**3 - x**2 + x + 18. Let o be k(0). Calculate the highest common divisor of b and o.
9
Suppose -2*r + 55 = d, 3*d = -4*d - 5*r + 358. Calculate the greatest common divisor of 140 and d.
7
Let h be (-2)/4 + 426/12. Let c(d) = h*d + 2 - 4 + 2. Let f be c(5). What is the highest common divisor of f and 25?
25
Let f(z) = z**2 - 18*z - 46. Let b be f(-3). Suppose -5*w - l = l - 765, 3*l - 612 = -4*w. What is the highest common divisor of b and w?
17
Let i be ((-100)/45)/(-10)*36. What is the highest common divisor of 104 and i?
8
Let i be 2*(4 - (-163)/2). Suppose n - 4*g - i = 0, 0 = -3*n - 2*n + 5*g + 915. What is the highest common divisor of 17 and n?
17
Suppose -2*b + 305 = 5*z, 2*z + 4*b - 2 = 120. Suppose -z = -x + 35. Calculate the greatest common factor of 12 and x.
12
Suppose 5*p = 0, -p - 6 = -h + 4*p. Suppose -h*i = -i + 120. Let q be 3*(0 + i/(-9)). Calculate the highest common divisor of q and 64.
8
Suppose h = 3*g - 32, -3*g + 3*h + 56 = 2*g. Let l = 286 - g. Let i be 2/7 - l/(-14). Calculate the highest common factor of 100 and i.
20
Let z = -16 + 40. Let b(v) = -4*v - 15. Let r